ndreds digit of 5242680?
6
What is the millions digit of 1442629?
1
What is the millions digit of 3681606?
3
What is the ten thousands digit of 18732235?
3
What is the millions digit of 3942559?
3
What is the units digit of 1282761?
1
What is the millions digit of 4559362?
4
What is the units digit of 1043718?
8
What is the tens digit of 20508934?
3
What is the ten thousands digit of 314760?
1
What is the hundreds digit of 12060113?
1
What is the hundreds digit of 283421?
4
What is the thousands digit of 95481?
5
What is the hundreds digit of 152151?
1
What is the millions digit of 1950431?
1
What is the hundred thousands digit of 5687684?
6
What is the hundreds digit of 3155937?
9
What is the hundreds digit of 2875203?
2
What is the hundreds digit of 464913?
9
What is the millions digit of 30522343?
0
What is the hundreds digit of 8948100?
1
What is the units digit of 19950?
0
What is the hundreds digit of 10487100?
1
What is the ten millions digit of 15391930?
1
What is the hundred thousands digit of 10983065?
9
What is the hundred thousands digit of 456670?
4
What is the hundred thousands digit of 114487?
1
What is the hundred thousands digit of 817001?
8
What is the hundreds digit of 940064?
0
What is the units digit of 272823?
3
What is the hundreds digit of 125446?
4
What is the ten thousands digit of 5347817?
4
What is the tens digit of 435786?
8
What is the units digit of 28886793?
3
What is the hundreds digit of 3139669?
6
What is the ten thousands digit of 3292998?
9
What is the hundreds digit of 172619?
6
What is the hundred thousands digit of 138007?
1
What is the units digit of 165292?
2
What is the tens digit of 7937637?
3
What is the hundred thousands digit of 1635814?
6
What is the millions digit of 16374161?
6
What is the thousands digit of 318889?
8
What is the hundred thousands digit of 1506530?
5
What is the hundred thousands digit of 3384107?
3
What is the units digit of 241344?
4
What is the hundred thousands digit of 398299?
3
What is the thousands digit of 2819592?
9
What is the tens digit of 490149?
4
What is the units digit of 158582?
2
What is the thousands digit of 104462?
4
What is the hundred thousands digit of 339943?
3
What is the millions digit of 9947577?
9
What is the thousands digit of 2974929?
4
What is the hundred thousands digit of 3174933?
1
What is the tens digit of 221895?
9
What is the ten thousands digit of 633656?
3
What is the units digit of 59197?
7
What is the hundreds digit of 9058619?
6
What is the units digit of 363382?
2
What is the thousands digit of 3587113?
7
What is the units digit of 9195076?
6
What is the hundreds digit of 8209104?
1
What is the thousands digit of 111149?
1
What is the units digit of 596092?
2
What is the tens digit of 8268646?
4
What is the thousands digit of 430801?
0
What is the hundred thousands digit of 125967?
1
What is the tens digit of 292175?
7
What is the hundreds digit of 487856?
8
What is the millions digit of 1872305?
1
What is the tens digit of 356657?
5
What is the millions digit of 1358802?
1
What is the hundreds digit of 836617?
6
What is the units digit of 2325227?
7
What is the hundred thousands digit of 1098272?
0
What is the tens digit of 293905?
0
What is the millions digit of 1633726?
1
What is the ten thousands digit of 10436438?
3
What is the ten thousands digit of 2324380?
2
What is the tens digit of 322197?
9
What is the hundred thousands digit of 494050?
4
What is the thousands digit of 504382?
4
What is the ten thousands digit of 6006374?
0
What is the ten thousands digit of 112344?
1
What is the hundreds digit of 92148?
1
What is the ten thousands digit of 130839?
3
What is the hundreds digit of 79547?
5
What is the millions digit of 14200487?
4
What is the hundreds digit of 290344?
3
What is the units digit of 27011462?
2
What is the hundred thousands digit of 930617?
9
What is the tens digit of 81182?
8
What is the units digit of 367730?
0
What is the millions digit of 26393233?
6
What is the tens digit of 6080139?
3
What is the hundred thousands digit of 4832026?
8
What is the units digit of 14930865?
5
What is the millions digit of 1700832?
1
What is the millions digit of 1264841?
1
What is the hundreds digit of 159795?
7
What is the thousands digit of 1504809?
4
What is the ten thousands digit of 416113?
1
What is the units digit of 30281540?
0
What is the tens digit of 23917731?
3
What is the hundreds digit of 10251342?
3
What is the ten thousands digit of 33726?
3
What is the hundred thousands digit of 808366?
8
What is the tens digit of 29097451?
5
What is the hundreds digit of 818893?
8
What is the tens digit of 686833?
3
What is the ten thousands digit of 8457728?
5
What is the ten thousands digit of 7639109?
3
What is the millions digit of 2988659?
2
What is the tens digit of 13954914?
1
What is the millions digit of 5137022?
5
What is the tens digit of 1986964?
6
What is the thousands digit of 258655?
8
What is the tens digit of 798941?
4
What is the thousands digit of 411329?
1
What is the thousands digit of 472038?
2
What is the units digit of 938?
8
What is the hundreds digit of 939840?
8
What is the hundred thousands digit of 5538387?
5
What is the units digit of 17279678?
8
What is the tens digit of 1004280?
8
What is the ten thousands digit of 3961759?
6
What is the tens digit of 1135539?
3
What is the ten thousands digit of 26672484?
7
What is the ten thousands digit of 11199856?
9
What is the millions digit of 1813694?
1
What is the tens digit of 486881?
8
What is the units digit of 5354797?
7
What is the tens digit of 148402?
0
What is the units digit of 1392704?
4
What is the millions digit of 9143901?
9
What is the tens digit of 461424?
2
What is the units digit of 2383764?
4
What is the ten millions digit of 20242689?
2
What is the thousands digit of 287416?
7
What is the ten thousands digit of 238565?
3
What is the hundreds digit of 5918809?
8
What is the ten thousands digit of 271441?
7
What is the ten thousands digit of 63088?
6
What is the tens digit of 184235?
3
What is the units digit of 37455?
5
What is the tens digit of 263631?
3
What is the ten thousands digit of 5418257?
1
What is the thousands digit of 3326261?
6
What is the hundreds digit of 218890?
8
What is the units digit of 4205432?
2
What is the thousands digit of 134908?
4
What is the tens digit of 14347008?
0
What is the units digit of 3021319?
9
What is the ten thousands digit of 72624?
7
What is the ten thousands digit of 445883?
4
What is the thousands digit of 69886?
9
What is the ten thousands digit of 8529776?
2
What is the ten thousands digit of 427249?
2
What is the units digit of 4045177?
7
What is the tens digit of 462092?
9
What is the hundreds digit of 8604064?
0
What is the ten thousands digit of 166198?
6
What is the hundreds digit of 2709867?
8
What is the millions digit of 5838324?
5
What is the ten thousands digit of 43172537?
7
What is the hundreds digit of 275833?
8
What is the hundreds digit of 4747273?
2
What is the tens digit of 747444?
4
What is the tens digit of 3670066?
6
What is the units digit of 328007?
7
What is the millions digit of 1827334?
1
What is the hundred thousands digit of 383334?
3
What is the tens digit of 63939?
3
What is the ten thousands digit of 175687?
7
What is the ten thousands digit of 598897?
9
What is the tens digit of 3974788?
8
What is the ten thousands digit of 819320?
1
What is the ten millions digit of 15835443?
1
What is the thousands digit of 7642952?
2
What is the hundred thousands digit of 21393637?
3
What is the hundreds digit of 90632?
6
What is the ten thousands digit of 587380?
8
What is the units digit of 446091?
1
What is the hundreds digit of 747277?
2
What is the hundred thousands digit of 8241620?
2
What is the hundreds digit of 1031437?
4
What is the tens digit of 56529?
2
What is the hundreds digit of 680538?
5
What is the ten thousands digit of 59603?
5
What is the hundred thousands digit of 6353032?
3
What is the tens digit of 506388?
8
What is the ten millions digit of 12066936?
1
What is the hundreds digit of 6286278?
2
What is the thousands digit of 147056?
7
What is the thousands digit of 154297?
4
What is the units digit of 108091?
1
What is the hundreds digit of 322